 5, g = -0*d + 2*d - 37. What is the greatest common factor of d and m?
20
Let c be -13*(-32)/42 + (-4)/(-42). Suppose 3*b - 29 = j + 66, 4*b - 148 = -4*j. Suppose b = -3*w + 363. Calculate the greatest common divisor of c and w.
10
Suppose -3*u + 36 = -u - 2*s, -4*s + 60 = 2*u. Let x be 1/(-3 + 199/66). Calculate the highest common divisor of x and u.
22
Let i(l) = 13 + 10 - 43 + 8*l + 12. Let h(s) = 5*s**2 + 2*s + 1. Let b be h(-1). Let f be i(b). Calculate the greatest common factor of 120 and f.
24
Let g be (-1)/(-2) - (-239)/2. Let a = 1 + 6. Let r(f) = f**2 - 2*f - 11. Let u be r(a). What is the greatest common factor of u and g?
24
Let u = -85 - -31. Let s = -22 - u. Suppose -5*o + s = -o. What is the greatest common divisor of 72 and o?
8
Let b be 22/(-4) + 6/(-12) - -7. Calculate the greatest common factor of b and 66.
1
Suppose 870 = 4*w - 3*r, -12*w + 9*w + 3*r = -651. What is the highest common divisor of w and 292?
73
Let m(f) = -5*f**3 + 55*f**2 + 10*f + 25. Let a be m(11). Calculate the greatest common factor of a and 108.
27
Let x = 334 - 331. What is the greatest common factor of x and 33?
3
Suppose -5*v + 52 - 2 = 0. Suppose 4*t = v*t - 90. Calculate the highest common divisor of 3 and t.
3
Suppose 290 = 12*t - 442. Calculate the highest common factor of 61 and t.
61
Suppose -88 = -233*b + 229*b. What is the highest common factor of b and 2662?
22
Suppose -65*u + 20934 = 6634. What is the highest common factor of 88 and u?
44
Let l be 9/(1096/(-160) + 7). What is the highest common divisor of l and 130?
10
Suppose -4*y + y + 85 = 5*m, 2*y - 65 = -5*m. Let n = y - 3. Suppose -97 = -5*i + 4*j, n = i - j - j. Calculate the greatest common factor of 3 and i.
3
Let f be (36/(-8))/(19/(-1976)). Calculate the greatest common divisor of f and 117.
117
Let g be 0 + 1 - 10/(-1). Let m(o) = 5*o**2 + 10*o - 43. Let i be m(4). Calculate the highest common divisor of i and g.
11
Let p = 1837 + -184. Calculate the highest common divisor of 174 and p.
87
Let u be (4 - (-35)/(-7))/(1/(-101)). Let l = -92 + u. What is the greatest common divisor of 36 and l?
9
Suppose 4*t + d - 556 = -4*d, 2*t - 284 = -d. Suppose 13*f - 8*f = 3*z - 33, -5*z + 2*f + 74 = 0. What is the greatest common factor of z and t?
16
Suppose 0 = -27*n + 179 + 4546. Calculate the highest common factor of 245 and n.
35
Let t be ((-117)/52)/(3/(-64)). What is the highest common factor of t and 132?
12
Let i(j) = j**2 + 3*j. Let z be i(-4). Let u(y) = -z - 3*y + 5*y + 7 + 8. Let c be u(8). What is the greatest common factor of 27 and c?
27
Suppose 2*k = 2*f + 420, 0 = 2*k + 3*f - 2*f - 435. Calculate the highest common divisor of 473 and k.
43
Let s be 3*(-110)/12*-2. Suppose -51*t = -s*t + 20. Calculate the highest common factor of 25 and t.
5
Suppose -4*t + 29 - 9 = 0. Let r(d) = -23*d + 25*d - 8 + 10. Let s be r(t). What is the greatest common divisor of 132 and s?
12
Let v = 325 + -240. What is the greatest common factor of 5 and v?
5
Suppose -3*p - 2*i = -24, -6 - 6 = -4*p + 4*i. What is the greatest common divisor of p and 78?
6
Let r = -113 + 65. Let n be (-2)/4*r/12. Calculate the highest common divisor of n and 2.
2
Suppose 12*i - 31*i = -3895. Calculate the greatest common divisor of i and 10.
5
Let p(i) = -5*i + 83. Let d be p(12). Calculate the greatest common factor of 184 and d.
23
Let g be 70 + (7 + 1 - 0). Calculate the greatest common factor of g and 182.
26
Suppose 7*h - 3*j = 6*h + 608, 3020 = 5*h + 5*j. Calculate the greatest common divisor of h and 55.
55
Let k = 121 + -72. Suppose 4*b + 1 = -5*j + k, -b = 2*j - 18. Calculate the highest common factor of 24 and j.
8
Let z(h) = -38*h + 53. Let s be z(1). Calculate the greatest common divisor of s and 55.
5
Suppose -h = -5*m - 4*h + 166, 0 = 2*h - 4. Calculate the greatest common factor of m and 112.
16
Suppose 0 = 5*b + 4*w - 6 - 9, -2*b - 4*w = -18. Let o(l) = -153*l**3 - l**2 - l. Let n be o(b). Calculate the greatest common factor of 17 and n.
17
Let i be (-3)/7 + 19621/49. Suppose 0 = 3*r - 15, 0 = -2*l + 2*r - 0*r + 22. What is the greatest common divisor of l and i?
16
Suppose 98 = 3*v + 5*w, v - 5*w = -w + 10. Suppose 166 - 917 = 3*x + 4*n, -3*x = -2*n + 745. Let a = x + 379. What is the highest common factor of a and v?
26
Let j(r) = 12*r - 5. Let z be j(2). Let p = 36 - z. Suppose 2*g = p + 23. What is the highest common divisor of 8 and g?
4
Let d = 123 - -174. What is the highest common factor of 33 and d?
33
Suppose 2*t - 35 = 169. Suppose -5*f - 488 = -5*d + t, 0 = -3*d - 3*f + 348. Calculate the greatest common divisor of d and 13.
13
Let x = 244 + -311. Suppose 2*h + 192 = -2*h. Let f = h - x. What is the greatest common divisor of f and 76?
19
Let d(k) = 3*k - 7. Let v be d(3). Suppose 4*t + 27 = 3*c, -t - v*c - 6 = 9. Let w = t - -19. What is the highest common factor of w and 70?
10
Suppose -408 = -c - c + 2*u, -u = -3*c + 604. What is the greatest common factor of c and 60?
20
Suppose -4*b - 14 = -6*b. Let p(n) = -n**2 - 65*n + 447. Let o be p(6). What is the highest common divisor of b and o?
7
Let v = -156 - -159. Calculate the highest common factor of v and 9.
3
Let m = 220 + -212. What is the highest common factor of m and 128?
8
Let w be (1 - 1) + (0 - 0). Suppose -y - 5 = w, 3*a - 5*a + 30 = 2*y. What is the highest common divisor of a and 4?
4
Let t be ((-87)/6)/((-1)/2). Suppose u - w = t, 3*u - 50 - 52 = -2*w. Calculate the highest common divisor of u and 8.
8
Suppose 2*a + u - 61 = 0, -a = -4*a + 5*u + 59. Calculate the greatest common factor of 63 and a.
7
Let s = 379 - 362. Calculate the highest common factor of 187 and s.
17
Let h be (6 - 9) + (-298)/4*2. Let c be (h + 0)/(10/(-5)). What is the highest common divisor of c and 19?
19
Let w(z) = 8*z**2 + 12*z - 2. Let o be w(-2). What is the highest common factor of 15 and o?
3
Let x = -2 - -1. Let f = x - -11. Suppose 6*z = 29 + 1. What is the highest common divisor of f and z?
5
Let f = 23 + 112. What is the highest common factor of 15 and f?
15
Let b = 83 - 56. Suppose -5*g + 3*w + 7 = 0, 6*g - 4*w - 15 = 5*g. Let y be ((-4)/2 + g)/(2/(-18)). What is the greatest common factor of y and b?
27
Let w = -3 - -11. Suppose 0 = -4*h - 2*h + 48. Suppose h = 4*k, -6*c = -2*c - 4*k - 248. What is the highest common factor of c and w?
8
Let w = 268 + -266. What is the greatest common factor of 9 and w?
1
Suppose 4*c = -14 + 2, -3*q = c - 24. Let p be 69*1 - (q - 6). What is the highest common divisor of 44 and p?
22
Suppose 0 = -3*d - 9, -3*b = -0*b + 4*d - 36. Suppose 4*z + b = -4*k, 0 = 2*z - 5*k - 18 - 9. Let r = z + 5. Calculate the highest common divisor of r and 12.
6
Let h(u) = -u**2 + 4*u + 2. Let p be h(4). Suppose -p*j - k + 30 = 0, 5*j + 2*k - 107 = -33. Calculate the greatest common divisor of 42 and j.
14
Suppose m = -0*c + 5*c + 31, -3 = c - m. Let t = 10 + c. Suppose j + 2*u = 143, 0 = t*j - 0*u - u - 429. What is the highest common divisor of j and 13?
13
Let t(m) = m**3 + m**2 - 4*m - 7. Let p be t(-2). Let i be (-12*20/(-8))/(p/(-8)). What is the highest common divisor of 16 and i?
16
Suppose -145 = -2*g - 5*w, 8*g - 3*g - 315 = -3*w. Suppose a + 13 = 5*q - 131, -5*q - a = -156. What is the greatest common divisor of g and q?
30
Suppose -3*m - 3*g = 12, -8*g = -5*g + 18. Let z be 8/2 - (1 + 1). Calculate the highest common divisor of z and m.
2
Suppose 208*t - 185*t = 59800. Calculate the greatest common factor of t and 104.
104
Let f be (-90)/60*(-4)/(-3)*-8. Let u(m) = -m**3 + 18*m**2 - 32*m + 14. Let b be u(f). What is the highest common factor of b and 14?
14
Let n(r) = r**2 - 19*r + 63. Let k be n(16). Let q be 3*3/18*4. Suppose -3*h = q*h - 15. What is the greatest common divisor of k and h?
3
Let p(w) = w**3 + 3*w**2 + w. Let t be p(-2). Suppose 58 + t = 6*l. What is the highest common divisor of 110 and l?
10
Let r(z) = z**2 - 2*z + 4. Let s = -98 - -95. Let f be r(s). Calculate the greatest common factor of 152 and f.
19
Let g be (3 - (3 + -2))*1. Suppose -2*y + 16 = g*y. Calculate the highest common factor of 36 and y.
4
Let d = -7 - -10. Let h be (d - 4)*-23 - 2. Suppose 2 = -c, -4*c - c = 3*u - 53. Calculate the highest common divisor of u and h.
21
Let l be (-4)/12*0 + 81 + -1. Calculate the highest